9610?
False
Is 1623607360 a multiple of 370?
True
Is 20541196 a multiple of 489?
False
Is 2371 a factor of 759884774?
False
Is 6 a factor of 18881204?
False
Does 8 divide 406081595?
False
Is 180171481 a multiple of 8?
False
Does 22 divide 76435194?
True
Does 10 divide 55429275?
False
Is 61615968 a multiple of 96?
True
Does 3182 divide 35950236?
True
Is 577 a factor of 74268391?
False
Is 7836413 a multiple of 13?
True
Does 880 divide 70678960?
True
Does 378 divide 146684719?
False
Is 927763128 a multiple of 696?
True
Is 595 a factor of 4387621035?
True
Is 147 a factor of 16707139?
False
Does 1799 divide 55644869?
True
Does 52 divide 413586796?
False
Is 154 a factor of 59120603?
False
Does 116 divide 1956204860?
True
Is 9247095 a multiple of 4?
False
Is 83 a factor of 1677054256?
False
Is 27 a factor of 59627421?
True
Is 52281600 a multiple of 300?
True
Does 53 divide 89293609?
False
Is 50875348 a multiple of 523?
True
Does 3456 divide 698129280?
True
Is 3568 a factor of 249570896?
True
Is 13 a factor of 20773935?
True
Is 84404516 a multiple of 147?
False
Is 13 a factor of 13389558?
True
Is 354 a factor of 21344137?
False
Does 16 divide 174366176?
True
Does 7 divide 20702343?
False
Is 1244 a factor of 85274033?
False
Is 46308678 a multiple of 59?
False
Is 1102 a factor of 233391478?
True
Is 25396164 a multiple of 612?
True
Is 8185 a factor of 1259802460?
True
Is 936 a factor of 22159800?
True
Is 426168184 a multiple of 1864?
True
Is 28047996 a multiple of 18?
True
Does 298 divide 12153444?
False
Is 14380855 a multiple of 1865?
False
Is 4739219 a multiple of 493?
False
Is 1139 a factor of 331068325?
False
Does 1543 divide 1078307809?
False
Does 387 divide 276756730?
False
Is 15 a factor of 32223825?
True
Is 79 a factor of 2406931088?
False
Is 1053796490 a multiple of 116?
False
Is 158 a factor of 357192517?
False
Is 11 a factor of 204455966?
True
Is 332436823 a multiple of 151?
False
Is 309791892 a multiple of 4079?
True
Does 2312 divide 1069861816?
True
Does 6 divide 4620427?
False
Does 80 divide 4272720?
True
Does 50 divide 47983618?
False
Is 997 a factor of 86540597?
True
Is 201597989 a multiple of 3?
False
Does 15 divide 115888725?
True
Is 1447434 a multiple of 18?
True
Is 5086 a factor of 88069176?
True
Does 15 divide 18533715?
True
Does 196 divide 49772680?
False
Is 525591072 a multiple of 1824?
True
Does 12 divide 5555727?
False
Is 854400593 a multiple of 57?
False
Is 203 a factor of 151872310?
False
Is 1031 a factor of 8919181?
True
Is 2078 a factor of 1510714312?
True
Does 302 divide 3343159?
False
Is 93 a factor of 389549361?
False
Does 210 divide 54445650?
True
Does 1184 divide 77942020?
False
Is 323 a factor of 23436440?
False
Does 1266 divide 27565612?
False
Is 83 a factor of 226560853?
False
Is 7371 a factor of 308623770?
True
Does 68 divide 23438444?
True
Does 34 divide 3993849950?
True
Is 356 a factor of 22932027?
False
Is 117357838 even?
True
Is 23 a factor of 141369408?
True
Does 64 divide 622367364?
False
Is 188 a factor of 1693692?
True
Is 26370184 a multiple of 107?
False
Is 24 a factor of 16850022?
False
Is 1723788719 a multiple of 11?
False
Does 45 divide 4171952745?
True
Is 302217248 a multiple of 3?
False
Does 2944 divide 512936064?
True
Does 22 divide 421726020?
False
Does 22 divide 169311076?
True
Is 58 a factor of 1089991027?
False
Is 68999185 a multiple of 82?
False
Is 15 a factor of 45617703?
False
Is 2817459 a multiple of 784?
False
Is 1468160041 a multiple of 407?
False
Does 370 divide 56886396?
False
Does 618 divide 1628115438?
True
Does 182 divide 22195628?
True
Is 1156 a factor of 9343948?
True
Does 267 divide 1166239713?
True
Is 2 a factor of 2912628?
True
Is 124421872 a multiple of 1067?
False
Is 41212070 a multiple of 926?
False
Does 6 divide 56253611?
False
Does 15 divide 63140730?
True
Is 10 a factor of 523898330?
True
Is 32 a factor of 68709280?
True
Does 39 divide 84653356?
False
Is 18 a factor of 39515310?
True
Does 9 divide 284616?
True
Does 4780 divide 716015320?
True
Is 14 a factor of 177585021?
False
Is 4853 a factor of 191361199?
False
Is 22 a factor of 13079528?
True
Is 567 a factor of 426336372?
True
Is 164691478 a multiple of 94?
True
Is 285374139 a multiple of 23?
False
Is 597275282 a multiple of 3316?
False
Is 30129050 a multiple of 28?
False
Is 515654164 a multiple of 932?
True
Does 157 divide 28328427?
False
Is 10 a factor of 49367370?
True
Is 894 a factor of 2494129476?
True
Is 1665852040 a multiple of 10?
True
Does 220 divide 307924980?
True
Is 66838249 a multiple of 183?
False
Is 33537356 a multiple of 48?
False
Is 96947719 a multiple of 3696?
False
Is 11 a factor of 45096640?
False
Does 282 divide 12727224?
True
Is 16 a factor of 3537220258?
False
Is 28906125 a multiple of 2691?
False
Is 863518041 a multiple of 6375?
False
Does 691 divide 380331381?
False
Does 79 divide 7045141?
True
Is 164 a factor of 606357366?
False
Is 7175 a factor of 1700080747?
False
Is 1054 a factor of 12908338?
True
Is 282598144 a multiple of 32?
True
Is 36655851 a multiple of 6?
False
Is 375035096 a multiple of 4?
True
Is 138994497 a multiple of 82?
False
Does 5 divide 32399768?
False
Does 10 divide 453669010?
True
Is 1661 a factor of 602828450?
False
Is 462 a factor of 4150608?
True
Is 111346352 a multiple of 19?
False
Does 11 divide 14813293?
True
Is 342 a factor of 93709101?
False
Is 25 a factor of 634461644?
False
Is 148 a factor of 1940358736?
True
Is 2599191210 a multiple of 6139?
True
Is 171 a factor of 46604511?
True
Is 469524258 a multiple of 218?
True
Is 22 a factor of 63421204?
True
Does 378 divide 204185729?
False
Does 117 divide 257756148?
True
Does 44 divide 42240396?
True
Does 92 divide 106816413?
False
Does 172 divide 24655340?
True
Is 9014220 a multiple of 54?
True
Does 1179 divide 11864277?
True
Is 2 a factor of 358878993?
False
Is 13961052 a multiple of 126?
True
Is 23 a factor of 209029428?
True
Is 364811183 a multiple of 6073?
True
Is 43531726 a multiple of 58?
True
Is 48441965 a multiple of 137?
False
Is 40 a factor of 394327744?
False
Does 101 divide 13746081?
False
Is 2068928 a multiple of 95?
False
Does 144 divide 48635371?
False
Is 85315277 a multiple of 59?
False
Does 128 divide 65237120?
True
Does 5 divide 826773235?
True
Is 675254240 a multiple of 8?
True
Is 3594478734 a multiple of 378?
True
Does 1400 divide 197337489?
False
Does 6 divide 52992688?
False
Is 13 a factor of 244103616?
False
Is 129358992 a multiple of 1288?
True
Is 125307776 a multiple of 88?
True
Does 736 divide 73752289?
False
Is 226 a factor of 37584704?
True
Is 75 a factor of 373314525?
True
Is 66 a factor of 6679398?
True
Does 12 divide 156894?
False
Is 116173954 a multiple of 1393?
False
Is 69 a factor of 1512100864?
False
Is 388735596 a multiple of 41?
True
Is 71 a factor of 114168568?
True
Does 7 divide 412562717?
True
Does 2 divide 351065119?
False
Does 4016 divide 636166528?
True
Is 372235925 a multiple of 25?
True
Is 42 a factor of 1711788?
False
Is 24 a factor of 112869888?
True
Is 29 a factor of 8725897?
True
Does 1399 divide 100187986?
True
Does 22 divide 1047014465?
False
Is 67 a factor of 3812181?
False
Does 115 divide 6641825?
True
Is 18744283 a multiple of 20?
False
Does 5 divide 46972497?
False
Does 155 divide 28083133?
False
Is 1342242124 a multiple of 9?
False
Does 1207 divide 3310563?
False
Is 9 a factor of 110095986?
False
Does 71 divide 3948530932?
False
Is 61392630 a multiple of 1690?
True
Is 12 a factor of 352012272?
True
Is 1503749159 a multiple of 20?
False
Does 342 divide 1396624716?
True
Is 13019205 a multiple of 2?
False
Is 481 a factor of 2898113504?
True
Is 90 a factor of 15065208?
False
Is 984567486 a multiple of 6762?
True
Does 28 divide 1197314776?
True
Does 495 divide 1624398435?
True
Is 80 a factor of 2521440240?
True
Is 37348582 a multiple of 2326?
True
Does 31 divide 237100679?
True
Is 289 a factor of 258529863?
True
Is 774498739 a multiple of 5199?
False
Is 3578 a factor of 4754541950?
False
Does 14 divide 11401348?
True
Does 6835 divide 363160063?
False
Does 10 divide 1532494814?
False
Is 415120 a multiple of 40?
True
Is 355998985 a multiple of 3257?
False
Is 141580461 a multiple of 3?
True
Is 2 a factor of 60121920?
True
Is 270793327 a multiple of 58?
False
Is 12 a factor 